
False
Is 111 a factor of 80309729?
False
Is 1494 a factor of 241975820?
False
Is 6067113 a multiple of 451?
False
Is 68162369 a multiple of 11?
True
Does 548 divide 67345295?
False
Is 6 a factor of 309329514?
True
Does 31 divide 3998591327?
True
Is 1308 a factor of 253873571?
False
Is 22379816 a multiple of 118?
False
Is 154 a factor of 26337388?
True
Does 11 divide 676654?
True
Is 82098432 a multiple of 2304?
True
Is 693583232 a multiple of 1888?
True
Is 80030265 a multiple of 3869?
True
Does 8 divide 1723813747?
False
Is 4318168 a multiple of 1020?
False
Is 13 a factor of 29497937?
False
Does 1336 divide 24006584?
True
Does 42 divide 500938428?
False
Is 3 a factor of 10653657?
True
Is 12 a factor of 2502432?
True
Is 53055648 a multiple of 219?
False
Does 3581 divide 62946306?
False
Is 2075760 a multiple of 216?
True
Is 5062581 a multiple of 334?
False
Does 10 divide 654150?
True
Does 58 divide 75754612?
True
Is 3 a factor of 189142559?
False
Is 7738476 a multiple of 143?
False
Does 54 divide 54902564?
False
Is 113025221 a multiple of 2357?
True
Is 2763756390 a multiple of 1388?
False
Does 4050 divide 226350058?
False
Is 237374946 a multiple of 309?
False
Does 4 divide 1161882092?
True
Is 50824912 a multiple of 1294?
False
Does 23 divide 412000065?
False
Is 32696332 a multiple of 151?
True
Does 10 divide 29576230?
True
Is 5285840330 a multiple of 2330?
True
Is 7 a factor of 75418763?
True
Is 47 a factor of 783722180?
True
Does 39 divide 11976488?
False
Is 1180495848 a multiple of 219?
True
Does 14 divide 5001640?
True
Is 42 a factor of 374669424?
False
Is 293 a factor of 892836942?
False
Is 3333 a factor of 37975211?
False
Is 608061606 a multiple of 9?
False
Is 914572715 a multiple of 119?
True
Is 16 a factor of 1395011?
False
Is 493 a factor of 14359086?
False
Is 14661172 a multiple of 37?
False
Does 326 divide 28474796?
True
Is 3 a factor of 80155154?
False
Is 28 a factor of 106295112?
True
Is 57 a factor of 183939880?
False
Is 28 a factor of 757214556?
True
Is 830823042 a multiple of 23?
False
Is 2 a factor of 162199134?
True
Is 1692 a factor of 9353937?
False
Is 23 a factor of 5120030?
True
Is 212218965 a multiple of 4?
False
Is 551 a factor of 29863649?
True
Is 5 a factor of 46784619?
False
Is 105577411 a multiple of 4?
False
Is 4258 a factor of 20055180?
True
Is 298 a factor of 93265656?
True
Is 143332497 a multiple of 189?
True
Is 192 a factor of 1535811297?
False
Is 1340243901 a multiple of 2187?
True
Is 195329745 a multiple of 7?
False
Is 4855550 a multiple of 350?
True
Does 1638 divide 1128098790?
True
Is 92912960 a multiple of 560?
True
Does 2103 divide 61027158?
False
Does 12 divide 1489680?
True
Is 47767205 a multiple of 5?
True
Does 5808 divide 255524954?
False
Is 78341436 a multiple of 505?
False
Does 297 divide 150330446?
False
Is 248903238 a multiple of 1246?
False
Is 25351521 a multiple of 507?
True
Is 321 a factor of 49547955?
True
Does 521 divide 440175719?
False
Does 650 divide 189754197?
False
Is 307 a factor of 25440229?
False
Is 1959 a factor of 318737136?
True
Is 84 a factor of 24685775?
False
Is 4 a factor of 491328478?
False
Does 1354 divide 80657780?
True
Is 113 a factor of 1919702?
False
Is 58928343 a multiple of 32?
False
Is 14 a factor of 88783436?
True
Is 133 a factor of 2235874?
False
Does 2133 divide 18570824?
False
Is 819 a factor of 49192003?
False
Does 853 divide 2027620517?
False
Is 130753 a multiple of 18?
False
Is 25026093 a multiple of 577?
False
Is 5 a factor of 654708525?
True
Is 827 a factor of 40858762?
True
Does 1083 divide 60159696?
False
Is 14509796 a multiple of 28?
True
Is 55 a factor of 175920321?
False
Is 2452978152 a multiple of 416?
False
Does 28 divide 183149204?
True
Is 5788464 a multiple of 6?
True
Is 1464 a factor of 1324629115?
False
Is 337039087 a multiple of 919?
False
Is 435354229 a multiple of 2280?
False
Is 7 a factor of 11753686?
True
Is 229 a factor of 64678943?
False
Is 26 a factor of 43870242?
True
Does 77 divide 323299894?
False
Is 19659370 a multiple of 600?
False
Is 39446172 a multiple of 434?
False
Does 126 divide 112115682?
True
Does 47 divide 3514929691?
False
Does 209 divide 49196928?
True
Is 4918208 a multiple of 13?
False
Is 6 a factor of 2529168?
True
Is 38 a factor of 874354160?
True
Is 558130610 a multiple of 8743?
False
Is 17 a factor of 1179719301?
True
Is 731124 a multiple of 12?
True
Does 288 divide 407490048?
True
Does 6 divide 1127998746?
True
Is 14 a factor of 26194245?
False
Is 28198655 a multiple of 5?
True
Is 1731153 a multiple of 321?
True
Is 130275099 a multiple of 94?
False
Does 3 divide 3307089?
True
Is 12 a factor of 217210092?
True
Is 858181168 a multiple of 667?
False
Is 619353531 a multiple of 577?
True
Is 43206346 a multiple of 561?
False
Does 993 divide 382427139?
True
Does 514 divide 1376538260?
True
Does 25 divide 1291529?
False
Is 473148518 a multiple of 7094?
True
Is 2359 a factor of 853082489?
False
Is 415416718 a multiple of 607?
False
Does 241 divide 17696630?
True
Is 12098651 a multiple of 773?
False
Is 120832792 a multiple of 248?
True
Does 333 divide 235620144?
True
Does 84 divide 435901566?
False
Is 4 a factor of 278085077?
False
Is 42 a factor of 101787168?
True
Is 138 a factor of 17697258?
True
Is 43283970 a multiple of 81?
True
Is 74 a factor of 633444443?
False
Is 5 a factor of 357943039?
False
Does 4536 divide 1663284922?
False
Is 2 a factor of 80287753?
False
Is 96671850 a multiple of 15?
True
Is 136 a factor of 41732960?
True
Is 116017965 a multiple of 1953?
True
Is 109682981 a multiple of 5212?
False
Is 2474797104 a multiple of 26?
True
Is 884974490 a multiple of 3985?
False
Is 15 a factor of 68191845?
True
Does 42 divide 26999087?
False
Does 16 divide 353490858?
False
Does 28 divide 20581260?
True
Is 280227673 a multiple of 4169?
True
Does 22 divide 31477700?
False
Is 23533100 a multiple of 25?
True
Is 43607793 a multiple of 11?
False
Is 371904884 a multiple of 264?
False
Does 5538 divide 1442936976?
True
Is 59 a factor of 275673967?
False
Is 9416770 a multiple of 110?
True
Is 150 a factor of 30005898?
False
Does 64 divide 176778908?
False
Does 339 divide 29117388?
True
Is 31 a factor of 63332291?
False
Is 452 a factor of 370839784?
True
Is 16194872 a multiple of 5?
False
Is 674758 a multiple of 473?
False
Is 11 a factor of 118252742?
False
Does 10 divide 1010003500?
True
Does 61 divide 13636916?
True
Is 2257125 a multiple of 2315?
True
Is 59782434 a multiple of 39?
False
Does 77 divide 29565074?
True
Is 2490 a factor of 3074116650?
True
Is 58 a factor of 7888928?
True
Is 44 a factor of 21892842?
False
Is 59 a factor of 171884582?
True
Is 72 a factor of 1299201649?
False
Is 374184850 a multiple of 13?
True
Is 4 a factor of 838603?
False
Is 183574629 a multiple of 63?
True
Is 266 a factor of 123564660?
False
Does 18 divide 568704773?
False
Is 350 a factor of 210215250?
True
Does 42 divide 235594422?
True
Is 356 a factor of 38730664?
True
Does 37 divide 140212573?
True
Does 13 divide 2407808321?
False
Is 97285978 a multiple of 3?
False
Does 6 divide 3290936417?
False
Is 135074696 a multiple of 8?
True
Is 20546780 a multiple of 193?
True
Is 71 a factor of 760882576?
True
Is 16061443 a multiple of 1214?
False
Is 574 a factor of 2495178?
True
Does 67 divide 804575010?
False
Does 2 divide 42013999?
False
Does 32 divide 3070304?
True
Is 16 a factor of 10911664?
True
Does 22 divide 14555288?
True
Is 21453798 a multiple of 31?
True
Is 36057457 a multiple of 67?
True
Is 3491510736 a multiple of 3227?
True
Is 12664980 a multiple of 180?
True
Does 130 divide 33841860?
True
Is 6037754365 a multiple of 155?
False
Is 4 a factor of 4456814?
False
Is 602 a factor of 487609357?
False
Is 139479220 a multiple of 85?
True
Does 470 divide 95044810?
True
Does 2 divide 99384791?
False
Is 337 a factor of 1521884923?
True
Does 433 divide 64434556?
False
Is 1451 a factor of 346199239?
False
Is 253 a factor of 50910178?
True
Is 52 a factor of 11747944?
True
Is 14 a factor of 6080466?
True
Does 2161 divide 125946738?
False
Does 12 divide 55052335?
False
Is 3224 a factor of 13473096?
True
Is 72 a factor of 184707864?
True
Is 7 a factor of 771136303?
True
Does 206 divide 82184263?
False
Is 4918 a factor of 1750271938?
True
Is 25 a factor of 9003972?